 - y**2 - 3*y + 5. Let i be o(2). What is the greatest common factor of i and 25?
25
Let k be (-2)/(-4)*-1*-14. Let b = k - -7. Let t(m) = -40*m**3 + 5*m**2 + 2*m - 1. Let j be t(-1). Calculate the greatest common factor of j and b.
14
Let v be (2 + -1 + 0)*(24 - 18). Suppose 4*m = -21 + 213. What is the highest common factor of m and v?
6
Let s(v) = 3*v - 1. Let z be s(2). Calculate the highest common divisor of 5 and z.
5
Suppose 3*v + 3 = 2*a + 7, -5*v + 15 = 5*a. Let q = -7 + 23. What is the greatest common factor of v and q?
2
Suppose 96*o - 83*o = 143. Suppose -2*i - 3 = -2*l - 33, -27 = -i + 4*l. What is the greatest common divisor of i and o?
11
Suppose -3*u + 2*u + 12 = 3*i, u - 5*i + 4 = 0. What is the greatest common factor of 42 and u?
6
Let c(n) = n**3 - 7*n**2 - 2*n - 9. Let q be c(8). Suppose 0 = 4*s + f - q, 3*f + 37 = 3*s + 4. Let d = 103 - 23. What is the highest common factor of d and s?
10
Let x(i) = -i**3 - 3*i**2 + 10*i + 12. Let n be x(-5). What is the highest common factor of n and 18?
6
Let n be (-166)/(-6) - 1/(-3). Let a be 71 + (6/2 - 16/4). Calculate the greatest common factor of a and n.
14
Let b = -11 - -16. What is the greatest common factor of 45 and b?
5
Let i = 3 + 0. Suppose -i*r + 525 = -0*r. Suppose -5*g + n + r = -0*n, -4*g = 5*n - 140. Calculate the greatest common divisor of g and 7.
7
Suppose -4*z - 98 + 703 = -5*b, -2*z - 4*b = -322. What is the greatest common factor of 31 and z?
31
Suppose 4*o = -j + 11, -2*o + 3*o = -3*j - 11. Suppose v = -v + 16. Let i = v + -2. What is the highest common factor of o and i?
2
Suppose -12 = 4*h - 3*h. Let x(c) = 8*c - 4. Let g be x(-5). Let l = h - g. Calculate the highest common divisor of l and 80.
16
Let n(v) = 3*v**3 + 3*v**2 - 3*v + 3. Let y be n(2). What is the greatest common divisor of 33 and y?
33
Let i(a) = -a**3 + 8*a**2 - 5*a - 5. Let b be i(7). What is the highest common divisor of b and 45?
9
Suppose 4 - 1 = u. Suppose u*k = 3*o - 195, -o - 3*k - 55 = -2*o. Let m(n) = 2*n**2 + 4*n + 1. Let h be m(-3). Calculate the greatest common divisor of h and o.
7
Suppose 2*y + 15 + 5 = 0. Let b = y - -12. Calculate the greatest common divisor of 3 and b.
1
Let s(y) = y**3 - 9*y**2 + y + 1. Let k be s(9). What is the greatest common divisor of 30 and k?
10
Suppose -21 = -5*z + 9. Suppose -z*d + 30 = -114. Calculate the greatest common divisor of 24 and d.
24
Suppose 2*n + 36 = 3*u - 86, 3*u - 124 = n. Let z(d) = d**3 + 24*d**2 + 2*d + 54. Let g be z(-24). Calculate the highest common divisor of g and u.
6
Suppose -3*k + 0*k + 15 = 0. Let y be 2 + 0 + (-3 - -2). Calculate the greatest common factor of k and y.
1
Suppose -4*r + 2*a = -80, -4*r + 0*a = a - 86. What is the greatest common factor of r and 3?
3
Let y(s) = s**2 + 10*s + 10. Let u(z) = -2*z**3 + 3*z**2 - 3*z. Let n be u(2). Let v be y(n). Calculate the highest common factor of 15 and v.
5
Let b(h) = h**2 - h + 5. Let u be b(4). Suppose -u = -2*m + 23. Let d = 94 + -64. Calculate the greatest common divisor of d and m.
10
Let f be 1*((-2)/3 - (-580)/15). What is the greatest common factor of f and 152?
38
Let d(h) = h**3 - 4*h**2 - 2*h - 2. Let m be d(5). Suppose 3*t + q + 3*q - 58 = 0, -t - 5*q = -1. What is the highest common divisor of m and t?
13
Let s be 193 + 5*2/5. What is the greatest common factor of s and 39?
39
Suppose 5*b - 4*b = 5. Let k(p) = -5*p**2 - 2*p**2 - b*p**3 - 2*p + 2 + 4*p**3. Let n be k(-7). What is the highest common factor of 112 and n?
16
Let f(o) = -3*o + 4. Let c be f(-4). Suppose 0 = 3*d - 7*d + c. Let j be 4/(1/(6/4)). Calculate the highest common divisor of d and j.
2
Suppose 4*g + 4 + 4 = 0, -2*s - 3*g + 34 = 0. Calculate the highest common factor of s and 30.
10
Let i = 3 - -38. Suppose -335 = -2*c - i. What is the highest common factor of 21 and c?
21
Suppose -2*f = -2*z + 300, 5*z = z + 3*f + 604. Calculate the highest common divisor of z and 14.
14
Suppose -48 = -3*k - 3. Let v = 89 + -29. What is the highest common factor of k and v?
15
Let z = 100 + -23. Suppose x - 11 + 4 = 0. What is the greatest common factor of x and z?
7
Let o be 17*7 + 3 + -5. Suppose 0*g - 15 = -3*g - 4*t, -2*t - 6 = 0. Let w = g - -4. Calculate the highest common factor of w and o.
13
Let x(a) = 4*a - 1. Let r = 1 + -1. Let k = r - -3. Let g be x(k). Calculate the greatest common factor of g and 11.
11
Let g = -974 - -1404. Let i be g/6 + (-1)/(-3). What is the greatest common factor of i and 9?
9
Suppose -3*g - 2*c = -49, 11 = -5*g + 3*c + 118. What is the greatest common factor of g and 19?
19
Suppose 4*r - 2*r = 0. Suppose -d = -2*w + 5, -4 = -2*w + 2*d - 0*d. Let q be r/w + 2 - -82. What is the highest common factor of q and 12?
12
Let h(g) be the first derivative of g**2 - 2*g**2 - 2*g + 0*g + 2. Let y be h(-11). What is the greatest common factor of y and 4?
4
Let k(h) be the second derivative of -h**4/12 + h**3/2 + 5*h**2/2 + 5*h. Let l be k(4). Calculate the highest common divisor of l and 2.
1
Let w(m) = -4*m - 34. Let o be w(-12). What is the greatest common divisor of 2 and o?
2
Let w(f) = f - 2. Let u be w(7). Suppose u*x = -10, -5*q + 2*x + 24 = -q. Suppose 4 = 3*b - q. What is the greatest common divisor of 33 and b?
3
Let z be (-27)/(-6)*(12 + 0). What is the greatest common factor of z and 36?
18
Let d = 35 - 21. What is the highest common divisor of d and 126?
14
Let m = 18 + 3. Suppose t = 4*t - m. Calculate the greatest common factor of 35 and t.
7
Let f = -27 - -5. Let a be 388/44 + (-4)/f. Calculate the greatest common divisor of 1 and a.
1
Suppose 0*d + 7 = -d. Let i = d - -11. Let t = 18 - i. What is the greatest common factor of 7 and t?
7
Let f = -58 + 82. What is the greatest common divisor of 8 and f?
8
Let i(y) = 8*y**2 - 3*y - 4. Let h be i(-3). Suppose 0 = w - 2*b - 22, h = -0*w + 4*w + 3*b. Calculate the highest common divisor of w and 10.
10
Suppose 0 = 2*i + 2*s - 115 - 61, 0 = 2*i + 4*s - 184. Let t = -141 + i. Let o be t/(-9) - 2/6. Calculate the greatest common factor of o and 12.
6
Let p be 1300/6 - (-12)/(-18). What is the highest common factor of p and 24?
24
Suppose 0*u = u + 3. Let d = u - -4. Let p be 2*(4/d)/1. What is the greatest common factor of p and 32?
8
Let p(b) = 56*b**2 - 6*b + 4. Let s be p(2). Calculate the greatest common divisor of 24 and s.
24
Suppose -5*r = 3*p - 65, 2*p + 2*r = -0*r + 50. What is the highest common factor of p and 80?
10
Suppose -5*i = 2*f - 63, 3 = 2*i - i - 2*f. Calculate the highest common factor of 22 and i.
11
Let w be (8/(-12))/((-2)/(-30)). Let m = w + 23. Calculate the highest common divisor of 52 and m.
13
Suppose 0 = -j - 3*f + 3, -j + 3 = -4*f + 7. Suppose j = 2*c - 35 - 85. Let y(w) = 11*w + 2. Let p be y(2). Calculate the highest common factor of p and c.
12
Suppose -o = -4*o + 21. Calculate the greatest common divisor of 7 and o.
7
Let u be (0 - 8/10)*-20. What is the highest common divisor of u and 8?
8
Let x = 46 - 36. What is the greatest common divisor of x and 20?
10
Let a be -1*3 + (-1963)/(-13). Calculate the greatest common factor of a and 37.
37
Suppose 0*z + 129 = 5*z - 2*w, -z = 4*w - 17. Suppose z = 2*b - 23. What is the highest common factor of 60 and b?
12
Suppose 151 = 5*g + 3*y + 44, 45 = 3*g - 3*y. Suppose 343 = 2*u + 1. What is the highest common divisor of g and u?
19
Suppose -1 = d - i - i, -2*d + 5*i = 7. Calculate the highest common factor of 36 and d.
9
Suppose 135 = 2*n + 3*m, -4*m = 3*n - 104 - 96. What is the greatest common factor of 15 and n?
15
Let r = -10 + 29. Let g(l) = -2*l - 3. Let w be g(-8). Suppose j + w = 165. What is the highest common divisor of r and j?
19
Suppose -3*v + 741 + 3 = 0. What is the highest common divisor of v and 8?
8
Let w = 56 - 34. What is the highest common divisor of 2 and w?
2
Let f(i) = i**3 - 7*i**2. Let q be f(7). Suppose q*b = -5*b. Suppose b = 4*c, -z - 7*c + 3*c + 18 = 0. Calculate the highest common factor of z and 12.
6
Suppose -2*s + f = -2*f - 18, 40 = 5*s - 5*f. What is the greatest common factor of 42 and s?
6
Suppose 3*y - l - 1057 = 0, -2*y - 4*l = -3*y + 356. Suppose -2*q + 138 = -z, -6*q + q + y = z. What is the greatest common factor of q and 28?
14
Let c = -21 - -39. Let a be (-665)/(-45) - (-4)/c. Let l(g) = g + 6. Let 